{"id":112,"date":"2017-09-30T12:45:14","date_gmt":"2017-09-30T11:45:14","guid":{"rendered":"http:\/\/cours-de-guitare-aix-en-provence.fr\/?page_id=112"},"modified":"2019-09-15T16:26:26","modified_gmt":"2019-09-15T15:26:26","slug":"stage-guitare","status":"publish","type":"page","link":"https:\/\/cours-de-guitare-aix-en-provence.fr\/index.php\/stage-guitare\/","title":{"rendered":"Stage guitare pour une harmonie int\u00e9rieure"},"content":{"rendered":"<h1 class=\"pb40 text-center txt-brown\">Stage guitare et cours collectifs<\/h1>\n<p>La musique est avant tout Ecoute et Partage. Mes exp\u00e9riences d\u2019animateur et de professeur de guitare en cours collectif dont une Formation p\u00e9dagogique d\u00e9di\u00e9e aux professeurs de guitare au Centre Musical Paris-Bercy et les ateliers type stage guitare men\u00e9s en diff\u00e9rentes Ecoles (13) puis aujourd&rsquo;hui dans mon atelier ont confirm\u00e9 mon go\u00fbt pour les cours collectifs.<\/p>\n<p>Le stage guitare est dans la continuit\u00e9 du cours collectif (deux guitaristes d\u2019un niveau \u00e9quivalent) qui permet une \u00e9mulation et de diversifier ainsi les m\u00e9thodes d\u2019apprentissage.<\/p>\n<p>Le cours collectifs repose sur l\u2019\u00e9coute, l\u2019imitation et l&rsquo;enseignement \u00e0 plusieurs de la guitare classique, folk et \u00e9lectrique. <!--more-->Le professeur enseigne et joue avec les \u00e9l\u00e8ves,\u00a0 sans solf\u00e8ge\u2026 Prof \u00e0 <strong>Ecole Yamaha de Peyrolles<\/strong>\u00a0o\u00f9 je donne des cours de guitare acoustique et \u00e9lectrique (enfants ados adultes) en cours individuel et collectifs, et encadre le concert de fin d\u2019ann\u00e9e des \u00e9l\u00e8ves. Mon exp\u00e9rience <strong>Animateur<\/strong>\u00a0enfants, ados et adultes, titulaire du\u00a0<strong>B.A.F.A.<\/strong> (Brevet d&rsquo;Aptitude aux Fonctions d&rsquo; Animateur ) sert le stage guitare.<!--more--><\/p>\n<p>L\u2019\u00e9change est une cl\u00e9 permettant \u00e0 l&rsquo;\u00e9l\u00e8ve d&rsquo;\u00eatre v\u00e9ritablement un musicien au sein d&rsquo;une formation ou groupe.\u00a0 Cet \u00e9tat d&rsquo;\u00e9coute active propre \u00e0 la musique est ici recherch\u00e9e, au del\u00e0 des questions techniques qui viendront d&rsquo;ailleurs d&rsquo;elles-m\u00eames.<\/p>\n<p>Cette mise en situation direct procure un plaisir palpable qui est favorable \u00e0 l&rsquo;apprentissage de la musique dans ses sp\u00e9cificit\u00e9s cognitives, c&rsquo;est-\u00e0-dire qu&rsquo;on apprend ici \u00e0 notre cerveau \u00e0 d\u00e9velopper certaines capacit\u00e9s ignor\u00e9es dans d&rsquo;autres activit\u00e9s et qui en plus sont bonnes pour lui ! Transmettre cette culture musicale souvent ignor\u00e9e par les m\u00e9thodes traditionnelles et former notre cerveau \u00e0 la sp\u00e9cificit\u00e9 de la musique d\u00e8s l&rsquo;apprentissage de l&rsquo;instrument rend le cours de guitare collectif tr\u00e8s pertinent.<\/p>\n<h2>Stage guitare durant les vacances scolaires<\/h2>\n<p>Il se d\u00e9roule principalement en p\u00e9riode de vacances scolaires. Sa p\u00e9riodicit\u00e9 d\u00e9pend du nombres de demandes et des opportunit\u00e9s de former un bin\u00f4me coh\u00e9rent qui apporte \u00e0 chacun.<\/p>\n<h2>Stage guitare pour d\u00e9velopper son harmonie int\u00e9rieure<\/h2>\n<p>La stage guitare se d\u00e9roule sur une apr\u00e8s-midi, nous abordons bien-s\u00fbr certains exercices sur le rythme et astuces utiles pour conserver le tempo, le travail main gauche, les arp\u00e8ges en d\u00e9manch\u00e9s (harmoniques) sur des s\u00e9quences musicales ou non.<\/p>\n<p>Puis les stagiaires jouent \u00e0 leur demande diff\u00e9rents morceaux connus . Cela permet de revenir sur des questions vues en cours et li\u00e9es \u00e0 des notions telles que l&rsquo;analyse harmonique du morceau et de d\u00e9velopper de nouveaux\u00a0 outils pour improviser.<\/p>\n<p>En effet, ouvrir des pistes pour l&rsquo;apr\u00e8s stage, notamment sur l&rsquo;improvisation motivique, dynamique, les diff\u00e9rents mani\u00e8res d&rsquo;aborder les arp\u00e8ges&#8230; est le but de cette session.<\/p>\n<p>Et enfin la derni\u00e8re partie du stage guitare est un <em>b\u0153uf<\/em> qui int\u00e8gre tous les \u00e9l\u00e9ments techniques abord\u00e9s tout en s&rsquo;en d\u00e9tachant pour mettre \u00e0 l&rsquo;honneur <em><strong>votre harmonie int\u00e9rieure<\/strong><\/em> propre au plaisir de jouer, le v\u00e9ritable moteur de l&rsquo;apprentissage. Musicalement.<\/p>\n","protected":false},"excerpt":{"rendered":"<p>Stage guitare et cours collectifs La musique est avant tout Ecoute et Partage. Mes exp\u00e9riences d\u2019animateur et de professeur de guitare en cours collectif dont une Formation p\u00e9dagogique d\u00e9di\u00e9e aux professeurs de guitare au Centre Musical Paris-Bercy et les ateliers type stage guitare men\u00e9s en diff\u00e9rentes Ecoles (13) puis aujourd&rsquo;hui dans mon atelier ont confirm\u00e9 [&hellip;]<\/p>\n","protected":false},"author":1,"featured_media":0,"parent":0,"menu_order":0,"comment_status":"closed","ping_status":"closed","template":"","meta":[],"_links":{"self":[{"href":"https:\/\/cours-de-guitare-aix-en-provence.fr\/index.php\/wp-json\/wp\/v2\/pages\/112"}],"collection":[{"href":"https:\/\/cours-de-guitare-aix-en-provence.fr\/index.php\/wp-json\/wp\/v2\/pages"}],"about":[{"href":"https:\/\/cours-de-guitare-aix-en-provence.fr\/index.php\/wp-json\/wp\/v2\/types\/page"}],"author":[{"embeddable":true,"href":"https:\/\/cours-de-guitare-aix-en-provence.fr\/index.php\/wp-json\/wp\/v2\/users\/1"}],"replies":[{"embeddable":true,"href":"https:\/\/cours-de-guitare-aix-en-provence.fr\/index.php\/wp-json\/wp\/v2\/comments?post=112"}],"version-history":[{"count":36,"href":"https:\/\/cours-de-guitare-aix-en-provence.fr\/index.php\/wp-json\/wp\/v2\/pages\/112\/revisions"}],"predecessor-version":[{"id":851,"href":"https:\/\/cours-de-guitare-aix-en-provence.fr\/index.php\/wp-json\/wp\/v2\/pages\/112\/revisions\/851"}],"wp:attachment":[{"href":"https:\/\/cours-de-guitare-aix-en-provence.fr\/index.php\/wp-json\/wp\/v2\/media?parent=112"}],"curies":[{"name":"wp","href":"https:\/\/api.w.org\/{rel}","templated":true}]}}